{"id":10,"date":"2015-10-24T11:29:57","date_gmt":"2015-10-24T11:29:57","guid":{"rendered":"http:\/\/test.deriese.de\/?page_id=10"},"modified":"2026-04-25T21:05:56","modified_gmt":"2026-04-25T21:05:56","slug":"reiserecht","status":"publish","type":"page","link":"https:\/\/www.deriese.de\/?page_id=10","title":{"rendered":"Reiserecht"},"content":{"rendered":"<p>&nbsp;<\/p>\n<p><strong>Es gibt keinen Fachanwalt f\u00fcr Reiserecht &#8211; es gibt aber Anw\u00e4lte, die sich mit dem Reiserecht, auch Touristikrecht oder Tourismusrecht, intensiver besch\u00e4ftigen als andere. Dabei geht es um Reisevertr\u00e4ge, Reisepreisminderungen oder etwa um die Anspr\u00fcche nach der EU VO 261\/04 wegen der Annullierung oder erheblichen Versp\u00e4tung von Fl\u00fcgen. Dazu lesen Sie gerne meine Hinweise auf der Homepage, also auf der ersten Seite von <a href=\"https:\/\/www.deriese.de\/\" target=\"_blank\" rel=\"noopener\">www.deriese.de <\/a><\/strong><\/p>\n<p>&nbsp;<\/p>\n<p style=\"text-align: right;\"><a href=\"https:\/\/www.deriese.de\/?page_id=83\">Reisem\u00e4ngel: Beweise liefern!<\/a><br \/>\n<a href=\"https:\/\/www.deriese.de\/?page_id=100\"><span style=\"color: #0066cc;\">Wiesbadener Tabelle der Fluggastrechte<br \/>\n<\/span><\/a><a href=\"https:\/\/www.deriese.de\/?p=97\">Urteil zum Rauchverbot im Hotel<\/a><br \/>\n<a href=\"https:\/\/www.deriese.de\/?p=74\">EuGH entscheidet zu Ausgleich bei versp\u00e4teten Fl\u00fcgen<\/a><\/p>\n","protected":false},"excerpt":{"rendered":"<p>&nbsp; Es gibt keinen Fachanwalt f\u00fcr Reiserecht &#8211; es gibt aber Anw\u00e4lte, die sich mit dem Reiserecht, auch Touristikrecht oder Tourismusrecht, intensiver besch\u00e4ftigen als andere. Dabei geht es um Reisevertr\u00e4ge, Reisepreisminderungen oder etwa um die Anspr\u00fcche nach der EU VO 261\/04 wegen der Annullierung oder erheblichen Versp\u00e4tung von Fl\u00fcgen. Dazu lesen Sie gerne meine Hinweise [&hellip;]<\/p>\n","protected":false},"author":1,"featured_media":0,"parent":2,"menu_order":0,"comment_status":"closed","ping_status":"closed","template":"","meta":{"footnotes":""},"class_list":["post-10","page","type-page","status-publish","hentry"],"_links":{"self":[{"href":"https:\/\/www.deriese.de\/index.php?rest_route=\/wp\/v2\/pages\/10"}],"collection":[{"href":"https:\/\/www.deriese.de\/index.php?rest_route=\/wp\/v2\/pages"}],"about":[{"href":"https:\/\/www.deriese.de\/index.php?rest_route=\/wp\/v2\/types\/page"}],"author":[{"embeddable":true,"href":"https:\/\/www.deriese.de\/index.php?rest_route=\/wp\/v2\/users\/1"}],"replies":[{"embeddable":true,"href":"https:\/\/www.deriese.de\/index.php?rest_route=%2Fwp%2Fv2%2Fcomments&post=10"}],"version-history":[{"count":14,"href":"https:\/\/www.deriese.de\/index.php?rest_route=\/wp\/v2\/pages\/10\/revisions"}],"predecessor-version":[{"id":236,"href":"https:\/\/www.deriese.de\/index.php?rest_route=\/wp\/v2\/pages\/10\/revisions\/236"}],"up":[{"embeddable":true,"href":"https:\/\/www.deriese.de\/index.php?rest_route=\/wp\/v2\/pages\/2"}],"wp:attachment":[{"href":"https:\/\/www.deriese.de\/index.php?rest_route=%2Fwp%2Fv2%2Fmedia&parent=10"}],"curies":[{"name":"wp","href":"https:\/\/api.w.org\/{rel}","templated":true}]}}